 d(v) = 17*v + 1620. Give d(-124).
-488
Let s(c) = -1470290*c - 77925364. Determine s(-53).
6
Let x(n) = -n**2 + 4954*n - 44494. Give x(9).
11
Let d(m) = -106096*m + 636562. Determine d(6).
-14
Let x(d) = -490*d + 69754. Calculate x(142).
174
Let f(g) = -g**3 - 147*g**2 + 539*g + 13478. What is f(-150)?
128
Let b(s) = 2*s**3 - 160*s**2 + 502*s + 70116. Determine b(69).
12
Let z(v) = -18*v**2 - 635*v + 6580. Determine z(9).
-593
Let z(w) = -2*w**2 + 226*w - 4007. Give z(22).
-3
Let f(w) = -102*w**2 + 2521*w + 25. Give f(25).
-700
Let b(v) = v**2 + 8*v - 160. Determine b(-30).
500
Let q(n) = 2*n**2 + 967*n + 13316. What is q(-14)?
170
Let t(u) = -885*u**3 + 41*u**2 - 44*u + 1. Give t(1).
-887
Let q(x) = 2*x**2 - 112*x - 1608. Calculate q(69).
186
Let b(k) = k**3 + 10*k**2 + 57*k + 46. Determine b(-7).
-206
Let m(p) = 32*p**3 - 188*p**2 - 15*p + 20. What is m(6)?
74
Let w(m) = 3*m**3 - 22*m**2 + 19*m - 58. Calculate w(7).
26
Let t(n) = n**3 - 43*n**2 + 228*n - 101. Determine t(37).
121
Let s(c) = 9*c**2 - 3191*c + 6385. Calculate s(2).
39
Let u(n) = -5370*n - 225522. Determine u(-42).
18
Let v(m) = -m**3 - 108*m**2 + 2161*m + 37. Determine v(17).
649
Let x(u) = 1928*u - 713357. Give x(370).
3
Let q(x) = -106618*x + 1172802. What is q(11)?
4
Let z(g) = 81813*g - 163602. Give z(2).
24
Let o(y) = y**2 + 271*y + 9805. Calculate o(-43).
1
Let q(y) = -2544*y + 679248. Calculate q(267).
0
Let u(p) = 18*p**2 - 662*p + 1372. What is u(35)?
252
Let b(q) = 62799*q - 1067610. Determine b(17).
-27
Let q(i) = 7*i**3 + 30*i**2 + 142*i + 449. Give q(-8).
-2351
Let i(z) = z**2 + 4618*z + 41450. Calculate i(-9).
-31
Let y(t) = -1261*t + 46624. What is y(37)?
-33
Let k(g) = -4*g**2 + 2242*g - 22039. What is k(10)?
-19
Let x(y) = 75097*y - 75100. Give x(1).
-3
Let i(s) = -s**3 - 9*s**2 - 13*s + 103. Calculate i(-7).
96
Let d(g) = -3267*g + 355915. What is d(109)?
-188
Let f(q) = -q**3 - 16*q**2 - 35*q + 274. What is f(-8)?
42
Let r(u) = 4304*u - 352933. Determine r(82).
-5
Let i(s) = -3*s**2 - 5202*s - 41610. Give i(-8).
-186
Let d(n) = -3*n**3 - 154*n**2 - 47*n + 846. What is d(-51)?
642
Let j(i) = -1883*i - 165689. Determine j(-88).
15
Let x(n) = -9*n**2 + 1529*n - 43361. Calculate x(36).
19
Let v(z) = 8*z**2 + 26*z. Calculate v(-9).
414
Let k(w) = w**3 + 5*w**2 + 7820*w + 23448. What is k(-3)?
6
Let h(o) = -62*o + 958. What is h(6)?
586
Let l(m) = -m**2 + 242*m - 7572. Determine l(205).
13
Let v(n) = -1451*n**3 - 98*n**2 - 83*n + 15. What is v(-1)?
1451
Let g(m) = -m**2 - 11199*m + 246853. What is g(22)?
-9
Let k(t) = -3*t**3 - 1880*t**2 - 3140*t - 9485. Calculate k(-625).
-110
Let l(a) = -2597*a + 189570. Give l(73).
-11
Let q(s) = -122669*s - 1962675. Determine q(-16).
29
Let p(u) = -678*u - 116655. What is p(-172)?
-39
Let s(w) = -172709*w - 863567. Calculate s(-5).
-22
Let i(j) = -199*j**2 + 1843*j - 448. Give i(9).
20
Let r(v) = v**2 + 1240*v + 65165. Give r(-55).
-10
Let y(b) = b**2 - 89*b + 1273. Determine y(78).
415
Let s(r) = -r**3 + 29*r**2 + 4507*r - 126947. Determine s(28).
33
Let l(y) = -37*y**2 + 1653*y + 602. Determine l(45).
62
Let v(m) = 2813*m + 601985. Calculate v(-214).
3
Let p(i) = -i**2 - 62*i - 408. Calculate p(-64).
-536
Let f(k) = -1666*k + 1980. What is f(1)?
314
Let s(w) = 3*w**2 + 815*w - 30351. What is s(38)?
4951
Let w(o) = 86026*o + 1892581. Calculate w(-22).
9
Let d(p) = 23*p**3 + 136*p**2 + 25*p + 231. Calculate d(-6).
9
Let t(y) = 87*y**2 + 31836*y - 2202. Determine t(-366).
-6
Let s(r) = 7405*r + 192534. Determine s(-26).
4
Let w(k) = -107*k - 21222. Calculate w(-179).
-2069
Let n(s) = s**3 + 23*s**2 + 23*s + 180. Determine n(-22).
158
Let h(z) = -z**3 + 7*z**2 - 557*z + 12. Give h(0).
12
Let i(j) = -122*j - 11829. Calculate i(-91).
-727
Let i(m) = 2*m**3 + 24*m**2 - 185*m - 344. Determine i(-17).
-89
Let r(w) = -22*w**2 - 2641*w - 2642. Determine r(-1).
-23
Let d(o) = -78*o**3 - 3*o**2 + 60*o - 121. Calculate d(2).
-637
Let o(g) = 49*g**3 - 5*g**2 + 83*g + 155. What is o(-2)?
-423
Let j(r) = -r**3 + 136*r**2 + 5564*r - 462. Give j(-33).
-33
Let f(z) = -z**3 + 8*z**2 + 125*z + 141. Give f(-7).
1
Let r(d) = -149*d - 16624. Give r(-111).
-85
Let v(h) = -308*h + 24453. Calculate v(81).
-495
Let a(l) = 1143*l + 12376. Determine a(-10).
946
Let s(l) = 87*l - 6800. Calculate s(93).
1291
Let b(x) = -17*x**2 - 28*x - 62. Calculate b(-8).
-926
Let u(b) = -b**3 - 32*b**2 - 165*b - 3048. Determine u(-30).
102
Let o(m) = m**3 - 78*m**2 + 692*m - 667. Determine o(68).
149
Let j(m) = -m**3 + 419*m**2 - 5668*m - 37. Give j(14).
-9
Let r(f) = -8*f**2 + 104*f + 3339. Give r(-15).
-21
Let o(s) = -4*s**2 - 179*s + 122781. Calculate o(-199).
-2
Let g(f) = 5*f**3 + 1479*f**2 - 3273*f + 1492. What is g(-298)?
2
Let z(a) = -33*a**2 - 456*a - 1181. What is z(-9)?
250
Let m(o) = 45*o**2 + 149*o - 610. Calculate m(4).
706
Let d(k) = k**3 + 373*k**2 + 1450*k - 9722. What is d(-369)?
-128
Let a(i) = 23114*i**2 - 138686*i + 38. What is a(6)?
26
Let f(o) = -7*o**3 + 186*o**2 - 96*o + 140. Give f(26).
348
Let v(o) = -o**3 - 32*o**2 - 24*o + 1106. Determine v(-30).
26
Let k(r) = r**2 - 220*r - 121848. Give k(-256).
8
Let v(x) = -16*x**2 + 8721*x - 26132. What is v(3)?
-113
Let c(i) = i**3 + 99*i**2 + 8236*i + 815367. What is c(-99)?
3
Let c(g) = -g**3 - 81*g**2 + 20342*g - 13224. What is c(-189)?
6
Let f(j) = 363*j**2 + 224*j - 220. Determine f(1).
367
Let c(b) = 49*b**2 - 40*b - 9. Give c(-4).
935
Let w(h) = 1337*h - 25568. Determine w(21).
2509
Let g(w) = -858*w**2 + 1018*w - 164. Calculate g(1).
-4
Let c(g) = g**2 + 656*g + 11493. Give c(-18).
9
Let t(s) = 5618*s + 1438209. Determine t(-256).
1
Let f(a) = a**3 + 350*a**2 + 19807*a - 448. Give f(-279).
110
Let i(q) = 711*q**2 + 148*q - 1. Determine i(-1).
562
Let h(a) = 6*a**2 + 653*a + 8199. What is h(-97)?
1312
Let v(x) = 207*x - 28238. Calculate v(137).
121
Let c(o) = -45*o + 265. Give c(-4).
445
Let f(y) = 140*y - 46505. Give f(332).
-25
Let k(m) = 42062*m + 546808. Determine k(-13).
2
Let w(v) = -2*v**3 + 109*v**2 - 66*v + 761. Determine w(54).
113
Let t(o) = 1413*o + 33825. Give t(-21).
4152
Let w(i) = -7708*i - 123332. Calculate w(-16).
-4
Let c(w) = -61*w**2 - 11746*w - 68273. Calculate c(-6).
7
Let z(d) = d**3 - 31*d**2 + 256*d - 318. Determine z(17).
-12
Let f(y) = -35324*y + 176586. Determine f(5).
-34
Let f(w) = w**2 + 1929360*w + 15434806. Determine f(-8).
-10
Let b(u) = -6732*u + 26934. Give b(4).
6
Let n(l) = 3*l**3 + 52*l**2 - 903*l - 3234. Determine n(-27).
6
Let q(i) = 29*i**2 + 2806*i + 2206. Give q(-96).
94
Let a(k) = 1371*k + 877426. Determine a(-640).
-14
Let q(r) = 3*r**2 - 13524*r + 175315. Give q(13).
10
Let y(n) = -n**2 + 17523*n - 9302274. Give y(548).
26
Let g(k) = -22*k**2 - 1045*k + 119. What is g(-47)?
636
Let o(t) = -7*t**2 - 8576*t + 42987. What is o(5)?
-68
Let v(w) = -5229*w + 1521582. What is v(291)?
-57
Let l(h) = 1645*h + 161205. Give l(-98).
-5
Let z(p) = -2233*p + 55730. Give z(25).
-95
Let l(k) = k**2 + 204*k + 10116. Calculate l(-92).
-188
Let v(u) = -208*u**2 - 3210*u - 8563. Determine v(-12).
5
Let m(n) = -n**3 - 181*n**2 + 614*n + 11478. Give m(-184).
70
Let v(j) = 3*j**3 + 40*j**2 + 183. Determine v(-13).
352
Let p(z) = -35346*z**2 - 318112*z + 17. Calculate p(-9).
-1
Let f(w) = -4*w**3 - 9*w**2 + 10221*w + 30651. Determine f(-3).
15
Let d(n) = -119*n**3 - 12859*n**2 - 792*n - 3887. Give d(-108).
1
Let h(o) = 33*o**3 - 5872*o**2 - 354*o - 309. Determine h(178).
47
Let v(f) = -7*f**2 - 36*f + 39. Give v(-21).
-2292
Let t(d) = -d**3 - 29*d**2 - 223*d + 190. Calculate t(-19).
817
Let l(t) = 3*t**3 - 54*t**2 - 1151*t + 16402. What is l(12)?
-2
Let u(b) = -20709*b + 3230605. What is u(156)?
1
Let n(b) = -2577*b + 18008. Give n(7).
-31
Let t(r) = -278273*r - 834916. Calculate t(-3).
-97
Let q(v) = -v**3 + 75*v**2 - 143*v - 494. What is q(73)?
-275
Let h(k) = -k**3 + 57*k**2 - 20*k + 1488. Give h(57).
348
Let p(u) = -u**3 + 236*u**2 + 139741*u + 173. What is p(-274)?
-101
Let g(s) = s**2 + 1830*s + 835829. What is g(-877)?
48
Let r(l) = -2*l**2 - 348482*l + 8713295. What is r(25)?
-5
Let g(w) = -5*w**3 - 2*w**2 + 230*w - 818. What is g(4)?
-250
Let r(c) = -9849*c + 25. Determine r(0).
25
Let l(k) = 3*k**2 - 199*k - 215. Determine l(68).
125
Let v(f) = -7053*f + 147